ist the prime factors of 2138336.
2, 19, 3517
What are the prime factors of 236165?
5, 149, 317
List the prime factors of 15795180.
2, 3, 5, 87751
List the prime factors of 17374024.
2, 2171753
What are the prime factors of 4932080?
2, 5, 61651
What are the prime factors of 3070022?
2, 1535011
List the prime factors of 1154430.
2, 3, 5, 101, 127
What are the prime factors of 2548118?
2, 181, 7039
What are the prime factors of 282191?
7, 13, 443
What are the prime factors of 1718703?
3, 7, 27281
List the prime factors of 17593366.
2, 7, 947, 1327
List the prime factors of 3853.
3853
What are the prime factors of 517030?
2, 5, 149, 347
List the prime factors of 1454476.
2, 363619
List the prime factors of 3095058.
2, 3, 515843
List the prime factors of 224545.
5, 44909
What are the prime factors of 8187499?
19, 430921
What are the prime factors of 26218771?
26218771
What are the prime factors of 4267102?
2, 7, 17, 17929
List the prime factors of 214204.
2, 53551
List the prime factors of 3603558.
2, 3, 7, 17, 103
List the prime factors of 382231.
382231
List the prime factors of 24259931.
24259931
What are the prime factors of 1242696?
2, 3, 7, 13, 569
List the prime factors of 384698.
2, 23, 8363
What are the prime factors of 292480?
2, 5, 457
What are the prime factors of 20918?
2, 10459
List the prime factors of 1020342.
2, 3, 170057
List the prime factors of 27752816.
2, 7, 13, 389
What are the prime factors of 10225099?
43, 401, 593
What are the prime factors of 25850753?
37, 698669
What are the prime factors of 420375?
3, 5, 19, 59
List the prime factors of 91070.
2, 5, 7, 1301
List the prime factors of 136450.
2, 5, 2729
List the prime factors of 18034850.
2, 5, 107, 3371
What are the prime factors of 23151544?
2, 13, 31, 43, 167
List the prime factors of 1196535.
3, 5, 79769
What are the prime factors of 196176?
2, 3, 61, 67
List the prime factors of 3498387.
3, 37, 31517
What are the prime factors of 3436?
2, 859
List the prime factors of 1037422.
2, 53, 9787
List the prime factors of 210307.
17, 89, 139
List the prime factors of 544971.
3, 7, 25951
List the prime factors of 269887.
269887
List the prime factors of 436433.
607, 719
What are the prime factors of 195476?
2, 48869
What are the prime factors of 4455731?
7, 636533
What are the prime factors of 208113?
3, 69371
List the prime factors of 368391.
3, 19, 23, 281
List the prime factors of 2822230.
2, 5, 367, 769
What are the prime factors of 906141?
3, 41, 53, 139
List the prime factors of 1064624.
2, 11, 23, 263
What are the prime factors of 1782480?
2, 3, 5, 7, 1061
What are the prime factors of 697136?
2, 11, 17, 233
What are the prime factors of 1858454?
2, 13, 71479
List the prime factors of 1687212.
2, 3, 46867
What are the prime factors of 17313721?
439, 39439
What are the prime factors of 300047?
11, 27277
List the prime factors of 6894887.
6894887
List the prime factors of 3388637.
7, 484091
List the prime factors of 6408944.
2, 400559
What are the prime factors of 1746988?
2, 17, 23, 1117
What are the prime factors of 9295234?
2, 13, 357509
What are the prime factors of 44703?
3, 4967
What are the prime factors of 5202866?
2, 37, 70309
What are the prime factors of 25164?
2, 3, 233
What are the prime factors of 649809?
3, 41, 587
What are the prime factors of 1842261?
3, 61, 10067
List the prime factors of 7495878.
2, 3, 13, 17, 5653
List the prime factors of 20157345.
3, 5, 13, 34457
What are the prime factors of 7121323?
11, 61, 10613
List the prime factors of 2658091.
67, 97, 409
List the prime factors of 14437671.
3, 113, 42589
What are the prime factors of 1768833?
3, 11, 17, 1051
List the prime factors of 31607339.
2677, 11807
List the prime factors of 301678.
2, 13, 41, 283
List the prime factors of 17056.
2, 13, 41
List the prime factors of 2462925.
3, 5, 32839
What are the prime factors of 60073?
13, 4621
What are the prime factors of 210006?
2, 3, 3889
List the prime factors of 712277.
67, 10631
What are the prime factors of 137221?
7, 19603
List the prime factors of 906388.
2, 7, 32371
What are the prime factors of 14957822?
2, 11, 229, 2969
List the prime factors of 386115.
3, 5, 25741
What are the prime factors of 28341?
3, 47, 67
What are the prime factors of 7305674?
2, 23, 241, 659
What are the prime factors of 1905293?
13, 113, 1297
What are the prime factors of 529118?
2, 264559
What are the prime factors of 5670794?
2, 2835397
What are the prime factors of 944729?
944729
What are the prime factors of 23355254?
2, 13, 898279
List the prime factors of 3574264.
2, 163, 2741
List the prime factors of 220575.
3, 5, 17, 173
What are the prime factors of 595558?
2, 297779
What are the prime factors of 6241455?
3, 5, 11, 467
What are the prime factors of 12504716?
2, 7, 446597
What are the prime factors of 17919556?
2, 4479889
List the prime factors of 4249.
7, 607
What are the prime factors of 1753359?
3, 23, 25411
What are the prime factors of 29318395?
5, 5863679
List the prime factors of 14393007.
3, 67, 23869
List the prime factors of 13357625.
5, 106861
List the prime factors of 2815378.
2, 29, 48541
What are the prime factors of 2326820?
2, 5, 116341
List the prime factors of 2196970.
2, 5, 19, 31, 373
List the prime factors of 6975456.
2, 3, 72661
List the prime factors of 335137.
11, 30467
List the prime factors of 513675.
3, 5, 761
What are the prime factors of 10901770?
2, 5, 11, 23, 31, 139
List the prime factors of 1332099.
3, 103, 479
What are the prime factors of 12350655?
3, 5, 23, 11933
List the prime factors of 1300846.
2, 37, 17579
What are the prime factors of 23729625?
3, 5, 79, 89
What are the prime factors of 23274954?
2, 3, 43, 30071
List the prime factors of 118516.
2, 29629
What are the prime factors of 195898?
2, 41, 2389
List the prime factors of 2730292.
2, 29, 23537
What are the prime factors of 94043?
157, 599
List the prime factors of 391655.
5, 11, 7121
What are the prime factors of 1699245?
3, 5, 41, 307
List the prime factors of 298716.
2, 3, 11, 31, 73
List the prime factors of 9731496.
2, 3, 19, 21341
List the prime factors of 320874.
2, 3, 53479
List the prime factors of 905534.
2, 7, 71, 911
What are the prime factors of 311891?
31, 10061
List the prime factors of 680789.
19, 35831
What are the prime factors of 106537?
106537
List the prime factors of 193527.
3, 21503
List the prime factors of 2977503.
3, 173, 5737
What are the prime factors of 8924648?
2, 1115581
List the prime factors of 10768193.
19, 29, 19543
List the prime factors of 448930.
2, 5, 44893
List the prime factors of 177400.
2, 5, 887
What are the prime factors of 19642153?
37, 530869
What are the prime factors of 1101835?
5, 7, 31481
List the prime factors of 852397.
7, 13, 17, 19, 29
What are the prime factors of 16790601?
3, 2333, 2399
List the prime factors of 341742.
2, 3, 56957
What are the prime factors of 20333723?
1549, 13127
List the prime factors of 393769.
103, 3823
List the prime factors of 6994833.
3, 103, 22637
What are the prime factors of 1003399?
619, 1621
What are the prime factors of 855955?
5, 193, 887
List the prime factors of 4649698.
2, 797, 2917
What are the prime factors of 1398403?
17, 43, 1913
What are the prime factors of 25473?
3, 7, 1213
What are the prime factors of 7419343?
373, 19891
What are the prime factors of 538246?
2, 23, 11701
List the prime factors of 678777.
3, 11, 67, 307
List the prime factors of 10968663.
3, 97, 37693
List the prime factors of 1219562.
2, 609781
What are the prime factors of 2044244?
2, 511061
List the prime factors of 1994916.
2, 3, 7, 11, 17, 127
List the prime factors of 198762.
2, 3, 157, 211
What are the prime factors of 6386240?
2, 5, 7, 2851
List the prime factors of 8276946.
2, 3, 1379491
List the prime factors of 10613178.
2, 3, 41, 73, 197
List the prime factors of 772292.
2, 193073
What are the prime factors of 197230?
2, 5, 11, 163
List the prime factors of 888888.
2, 3, 7, 11, 13, 37
List the prime factors of 59935.
5, 11987
What are the prime factors of 8696641?
823, 10567
What are the prime factors of 167488?
2, 2617
List the prime factors of 10899204.
2, 3, 911, 997
What are the prime factors of 2029174?
2, 7, 144941
What are the prime factors of 3029671?
37, 81883
List t